{"id":27,"date":"2018-01-26T18:44:24","date_gmt":"2018-01-26T17:44:24","guid":{"rendered":"http:\/\/paweltempczyk.pl\/?page_id=27"},"modified":"2024-04-27T17:06:47","modified_gmt":"2024-04-27T17:06:47","slug":"filmy-audycje-artykuly","status":"publish","type":"page","link":"https:\/\/www.paweltempczyk.eu\/index.php\/filmy-audycje-artykuly\/","title":{"rendered":"Media"},"content":{"rendered":"\n<p>Wsp\u00f3\u0142praca z innymi organizacjami i firmami:<\/p>\n\n\n\n<figure class=\"wp-block-image alignnone\"><a href=\"http:\/\/www.paweltempczyk.eu\/wp-content\/uploads\/2022\/03\/PERSO.IN_.jpg\"><img loading=\"lazy\" decoding=\"async\" width=\"300\" height=\"185\" src=\"http:\/\/www.paweltempczyk.eu\/wp-content\/uploads\/2022\/03\/PERSO.IN_-300x185.jpg\" alt=\"\" class=\"wp-image-1220\" srcset=\"https:\/\/www.paweltempczyk.eu\/wp-content\/uploads\/2022\/03\/PERSO.IN_-300x185.jpg 300w, https:\/\/www.paweltempczyk.eu\/wp-content\/uploads\/2022\/03\/PERSO.IN_-1024x631.jpg 1024w, https:\/\/www.paweltempczyk.eu\/wp-content\/uploads\/2022\/03\/PERSO.IN_-768x473.jpg 768w, https:\/\/www.paweltempczyk.eu\/wp-content\/uploads\/2022\/03\/PERSO.IN_.jpg 1106w\" sizes=\"(max-width: 300px) 100vw, 300px\" \/><\/a><figcaption class=\"wp-element-caption\">PERSO.IN &#8211; test osobowo\u015bci online<br>www.perso.in\/trener\/pawel-tempczyk\/<\/figcaption><\/figure>\n\n\n\n<figure class=\"wp-block-image alignnone\"><a href=\"http:\/\/www.paweltempczyk.eu\/wp-content\/uploads\/2022\/03\/Fundacja-Dobra-Wioska.jpg\"><img loading=\"lazy\" decoding=\"async\" width=\"300\" height=\"59\" src=\"http:\/\/www.paweltempczyk.eu\/wp-content\/uploads\/2022\/03\/Fundacja-Dobra-Wioska-300x59.jpg\" alt=\"\" class=\"wp-image-1217\" srcset=\"https:\/\/www.paweltempczyk.eu\/wp-content\/uploads\/2022\/03\/Fundacja-Dobra-Wioska-300x59.jpg 300w, https:\/\/www.paweltempczyk.eu\/wp-content\/uploads\/2022\/03\/Fundacja-Dobra-Wioska-1024x200.jpg 1024w, https:\/\/www.paweltempczyk.eu\/wp-content\/uploads\/2022\/03\/Fundacja-Dobra-Wioska-768x150.jpg 768w, https:\/\/www.paweltempczyk.eu\/wp-content\/uploads\/2022\/03\/Fundacja-Dobra-Wioska.jpg 1172w\" sizes=\"(max-width: 300px) 100vw, 300px\" \/><\/a><figcaption class=\"wp-element-caption\">Fundacja Dobra Wioska &#8211; delfinoterapia<br>www.dobrawioska.pl\/index.php\/o-fundacji\/ludzie-fundacji-2\/<\/figcaption><\/figure>\n\n\n\n<figure class=\"wp-block-image alignnone\"><a href=\"http:\/\/www.paweltempczyk.eu\/wp-content\/uploads\/2022\/03\/Mental-Health-at-Work.jpg\"><img loading=\"lazy\" decoding=\"async\" width=\"300\" height=\"207\" src=\"http:\/\/www.paweltempczyk.eu\/wp-content\/uploads\/2022\/03\/Mental-Health-at-Work-300x207.jpg\" alt=\"\" class=\"wp-image-1221\" srcset=\"https:\/\/www.paweltempczyk.eu\/wp-content\/uploads\/2022\/03\/Mental-Health-at-Work-300x207.jpg 300w, https:\/\/www.paweltempczyk.eu\/wp-content\/uploads\/2022\/03\/Mental-Health-at-Work.jpg 716w\" sizes=\"(max-width: 300px) 100vw, 300px\" \/><\/a><figcaption class=\"wp-element-caption\">Mental Health at Work &#8211; webinary<br>www.mentalhealthatwork.pl\/zesp\u00f3\u0142<\/figcaption><\/figure>\n\n\n\n<figure class=\"wp-block-image size-large is-resized\"><a href=\"http:\/\/www.paweltempczyk.eu\/wp-content\/uploads\/2022\/06\/Rozmawiajmy-1024x273.png\"><img loading=\"lazy\" decoding=\"async\" width=\"1024\" height=\"273\" src=\"http:\/\/www.paweltempczyk.eu\/wp-content\/uploads\/2022\/06\/Rozmawiajmy-1024x273.png\" alt=\"\" class=\"wp-image-1246\" srcset=\"https:\/\/www.paweltempczyk.eu\/wp-content\/uploads\/2022\/06\/Rozmawiajmy-1024x273.png 1024w, https:\/\/www.paweltempczyk.eu\/wp-content\/uploads\/2022\/06\/Rozmawiajmy-300x80.png 300w, https:\/\/www.paweltempczyk.eu\/wp-content\/uploads\/2022\/06\/Rozmawiajmy-768x204.png 768w, https:\/\/www.paweltempczyk.eu\/wp-content\/uploads\/2022\/06\/Rozmawiajmy.png 1307w\" sizes=\"(max-width: 1024px) 100vw, 1024px\" \/><\/a><figcaption class=\"wp-element-caption\">Fundacja Wspierania Dialogu &#8222;Rozmawiajmy&#8221;<br>www.rozmawiajmy.org\/fundacja-rozmawiajmy\/<\/figcaption><\/figure>\n\n\n\n<p>Wybrane raporty, artyku\u0142y, zdj\u0119cia oraz filmiki:<\/p>\n\n\n\n<p><a href=\"http:\/\/www.paweltempczyk.eu\/wp-content\/uploads\/2024\/04\/DEMOS-Research-Report.pdf\">\u201cWE NEED TO MEET EACH OTHER\u201d: SAFEGUARDING DEMOCRACY THROUGH<br>DIALOGUE AND CIVIC PARTICIPATION (Demos &#8211; Democracy Dialogues report) <em>2024<\/em><\/a><\/p>\n\n\n\n<p>DEMOS &#8211; Democracy Dialogues &#8211; raport z badania w Polsce <a href=\"http:\/\/www.paweltempczyk.eu\/wp-content\/uploads\/2024\/04\/DEMOS-raport-pelny.pdf\">pe\u0142en<\/a> oraz <a href=\"http:\/\/www.paweltempczyk.eu\/wp-content\/uploads\/2024\/04\/DEMOS-raport-skrocony.pdf\">skr\u00f3cony<\/a> <em>2024<\/em><\/p>\n\n\n\n<p><a href=\"http:\/\/paweltempczyk.pl\/wp-content\/uploads\/2021\/04\/7.2-ECAS_DEMOS_Civic-dimension_FINAL.pdf\">Civic Strategies Adressing Populism (raport)<\/a><em><a href=\"http:\/\/paweltempczyk.pl\/wp-content\/uploads\/2021\/04\/7.2-ECAS_DEMOS_Civic-dimension_FINAL.pdf\"> 2021<\/a><\/em><\/p>\n\n\n\n<p class=\"nova-e-text nova-e-text--size-xl nova-e-text--family-sans-serif nova-e-text--spacing-none nova-e-text--color-grey-900 research-detail-header-section__title\"><a href=\"http:\/\/paweltempczyk.pl\/wp-content\/uploads\/2021\/03\/PERSO_IN_validation_final.pdf\">Validity of PERSO.IN \u00ae Five-Factor Personality Inventory and its Correlation with NEO-PI-R <em>2021<\/em><\/a><\/p>\n\n\n\n<p><a href=\"http:\/\/www.paweltempczyk.eu\/wp-content\/uploads\/2022\/03\/Assessment-Knowledge-about-Democracy-2019.pdf\">Assessment of Knowledge about Democracy<\/a><em><a href=\"http:\/\/www.paweltempczyk.eu\/wp-content\/uploads\/2022\/03\/Assessment-Knowledge-about-Democracy-2019.pdf\"> 2019<\/a><\/em><\/p>\n\n\n\n<p><a href=\"https:\/\/www.youtube.com\/watch?v=KL_nTzc_hHE\">Filmik podsumowuj\u0105cy TC DEMOcrisis w ramach grantu z E+ <em>2019<\/em><\/a><\/p>\n\n\n\n<p><a href=\"http:\/\/perso.in\/obt\/\">Og\u00f3lnopolskie Badanie Trener\u00f3w <em>2019<\/em><\/a><\/p>\n\n\n\n<p><a href=\"http:\/\/paweltempczyk.pl\/wp-content\/uploads\/2020\/11\/Standardy_realizacji_us\u0142ug_AOzN_14.12.2018.pdf\">Standardy realizacji us\u0142ug asystent\u00f3w os\u00f3b z niepe\u0142nosprawno\u015bci\u0105 <em>2018<\/em><\/a><\/p>\n\n\n\n<p><a href=\"https:\/\/www.facebook.com\/vavapl\/videos\/230400554339321\/?fref=mentions&amp;__xts__[0]=68.ARAGZBnmAtoD5p2dxXTuNuq95GROk9sVPaJgkosPfLX8g-aIOz6O4LDePmBKRlkB8oV8Dkko-LQeQEmCIxRpf190ai6SRy48QFgLlroIk6oUS4Oaq2bsS_rOQU8d2z1sRzX4Dtu8eU97Nx3-CHVCL7b9z5Ob55paiFR_4NYLEsF63Reqe6BcdQ&amp;__tn__=K-R\">Filmik vava.pl nakr\u0119cony podczas \u015amiechojogi&nbsp; &#8211; Cud nad Wis\u0142\u0105 <em>2018<\/em><\/a><\/p>\n\n\n\n<p><a href=\"https:\/\/www.facebook.com\/pg\/Pawe\u0142-Tempczyk-psycholog-trener-aktor-227214190667499\/photos\/?tab=album&amp;album_id=941543645901213\">Zdj\u0119cia z sesji jogi \u015bmiechu podczas warsztat\u00f3w UTW dla spo\u0142eczno\u015bci \u2013 Towarzystwo Inicjatyw Tw\u00f3rczych \u0118 <em>2016<\/em><\/a><\/p>\n\n\n\n<p><a href=\"https:\/\/www.youtube.com\/watch?v=NY2-uMPxuro&amp;t\">Pierwszy filmik z jogi \u015bmiechu na Woodstocku \u2013 BlaBlaCar (kajaki) <em>2015<\/em><\/a><\/p>\n\n\n\n<p><a href=\"https:\/\/www.youtube.com\/watch?v=j4j2EEgeVKo\">Drugi filmik z jogi \u015bmiechu na Woodstocku \u2013 BlaBlaCar (kotki) <em>2015<\/em><\/a><\/p>\n\n\n\n<p><a href=\"https:\/\/www.facebook.com\/pg\/Pawe\u0142-Tempczyk-psycholog-trener-aktor-227214190667499\/photos\/?tab=album&amp;album_id=616102055112042\">Zdj\u0119cia z sesji jogi \u015bmiechu podczas Fina\u0142u WO\u015aP na Targ\u00f3wku \u2013 BlaBlaCar <em>2014<\/em><\/a><\/p>\n\n\n\n<p><a href=\"http:\/\/kreciola.tv\/news\/show\/1876\">Joga \u015bmiechu na Przystanku Woodstock &#8211; BlaBlaCar na stronie kreciola.tv <em>2014<\/em><\/a><\/p>\n\n\n\n<p><a href=\"http:\/\/paweltempczyk.pl\/wp-content\/uploads\/2020\/11\/Prowadzenie-warsztat\u00f3w-w-duchu-psychologii-procesu-cz\u0119\u015bci-I-VI.pdf\">Prowadzenie warsztat\u00f3w w duchu psychologii procesu (cz\u0119\u015bci I &#8211; VI) na portalu treco.pl <em>2013<\/em><\/a><\/p>\n\n\n\n<p><a href=\"https:\/\/bon.edu.pl\/media\/book\/pdf\/Rozmowy_z_samym_soba-PT.pdf\">Rozmowy z samym sob\u0105. Techniki coachingowe oraz psychologii procesu polegaj\u0105ce na dotarciu do wewn\u0119trznych jako\u015bci &#8211; M\u0142oda Psychologia tom 1 <em>2012<\/em><\/a><\/p>\n\n\n\n<figure class=\"wp-block-gallery has-nested-images columns-default is-cropped wp-block-gallery-1 is-layout-flex wp-block-gallery-is-layout-flex\"><\/figure>\n","protected":false},"excerpt":{"rendered":"<p>Wsp\u00f3\u0142praca z innymi organizacjami i firmami: Wybrane raporty, artyku\u0142y, zdj\u0119cia oraz filmiki: \u201cWE NEED TO MEET EACH OTHER\u201d: SAFEGUARDING DEMOCRACY THROUGHDIALOGUE AND CIVIC PARTICIPATION (Demos &#8211; Democracy Dialogues report) 2024<\/p>\n<p class=\"more-link\"><a href=\"https:\/\/www.paweltempczyk.eu\/index.php\/filmy-audycje-artykuly\/\" class=\"readmore\">Continue reading<svg class=\"icon icon-arrow-right\" aria-hidden=\"true\" role=\"img\"> <use href=\"#icon-arrow-right\" xlink:href=\"#icon-arrow-right\"><\/use> <\/svg><span class=\"screen-reader-text\">Media<\/span><\/a><\/p>\n<p> &hellip; <a href=\"https:\/\/www.paweltempczyk.eu\/index.php\/filmy-audycje-artykuly\/\" class=\"more-link\"><span class=\"readmore\">Continue reading<span class=\"screen-reader-text\">Media<\/span><\/span><\/a><\/p>\n","protected":false},"author":2,"featured_media":26,"parent":0,"menu_order":6,"comment_status":"closed","ping_status":"closed","template":"","meta":{"footnotes":""},"_links":{"self":[{"href":"https:\/\/www.paweltempczyk.eu\/index.php\/wp-json\/wp\/v2\/pages\/27"}],"collection":[{"href":"https:\/\/www.paweltempczyk.eu\/index.php\/wp-json\/wp\/v2\/pages"}],"about":[{"href":"https:\/\/www.paweltempczyk.eu\/index.php\/wp-json\/wp\/v2\/types\/page"}],"author":[{"embeddable":true,"href":"https:\/\/www.paweltempczyk.eu\/index.php\/wp-json\/wp\/v2\/users\/2"}],"replies":[{"embeddable":true,"href":"https:\/\/www.paweltempczyk.eu\/index.php\/wp-json\/wp\/v2\/comments?post=27"}],"version-history":[{"count":14,"href":"https:\/\/www.paweltempczyk.eu\/index.php\/wp-json\/wp\/v2\/pages\/27\/revisions"}],"predecessor-version":[{"id":1585,"href":"https:\/\/www.paweltempczyk.eu\/index.php\/wp-json\/wp\/v2\/pages\/27\/revisions\/1585"}],"wp:featuredmedia":[{"embeddable":true,"href":"https:\/\/www.paweltempczyk.eu\/index.php\/wp-json\/"}],"wp:attachment":[{"href":"https:\/\/www.paweltempczyk.eu\/index.php\/wp-json\/wp\/v2\/media?parent=27"}],"curies":[{"name":"wp","href":"https:\/\/api.w.org\/{rel}","templated":true}]}}